999
-21212102000 (base 3) to base 6
-3152513
What is 436486 (base 12) in base 3?
2000021211010
Convert -3213b (base 15) to base 2.
-100110110010111010
Convert 144041304 (base 5) to base 4.
2323211021
Convert 147501 (base 9) to base 7.
525505
Convert -14010673 (base 8) to base 14.
-5c00b1
Convert 1722ac (base 13) to base 10.
576094
What is c99279 (base 13) in base 2?
10010000011011101101000
What is 3257a8 (base 11) in base 12?
210b5b
102222222 (base 4) to base 13
28a55
-1405300 (base 8) to base 5
-100132333
What is 1bad6 (base 15) in base 7?
523656
-443240212 (base 6) to base 12
-2819068
What is 2089480 (base 11) in base 10?
3672801
What is -1112021021 (base 3) in base 13?
-10903
Convert 5225602 (base 7) to base 8.
2313700
475026 (base 13) to base 6
100204220
6731620 (base 8) to base 6
102524452
What is 14c000 (base 13) in base 16?
7cf9d
184a27 (base 11) to base 5
33102432
350276 (base 8) to base 14
31502
-1103330 (base 7) to base 12
-66605
Convert 1052523 (base 6) to base 16.
d203
Convert -100122122011 (base 3) to base 10.
-190003
815c4 (base 13) to base 6
4544350
Convert -44042560 (base 7) to base 16.
-399b71
What is -54034555 (base 6) in base 11?
-997600
What is -20242214 (base 9) in base 2?
-100101000011000100101001
31edb (base 16) to base 6
4214443
-1101003311 (base 5) to base 15
-319321
Convert -4660620 (base 8) to base 13.
-356198
-42012520 (base 7) to base 13
-969031
20ab2b (base 13) to base 9
1387333
Convert 4d9c46 (base 15) to base 13.
a07292
-2910142 (base 10) to base 11
-1708484
Convert 133500 (base 11) to base 12.
a1344
What is 291158 (base 10) in base 5?
33304113
What is 14510650 (base 8) in base 7?
40112031
-132320032 (base 4) to base 5
-13021403
Convert 27413 (base 9) to base 12.
a8a9
21012444 (base 5) to base 9
283122
What is 3331653 (base 7) in base 9?
686110
Convert 11112111112 (base 3) to base 7.
521234
Convert -11223230102 (base 4) to base 11.
-928247
Convert 22325003 (base 6) to base 13.
1aa7a1
-35241667 (base 8) to base 4
-131110032313
102131200 (base 4) to base 16
12760
-1212120020 (base 3) to base 2
-1000111111111101
Convert -26d36 (base 15) to base 16.
-1e63c
58263 (base 9) to base 14
10236
-101203203223 (base 4) to base 8
-21434353
-4404144 (base 5) to base 16
-1271d
22000101100 (base 3) to base 5
20021433
-32362135 (base 7) to base 6
-135223031
What is 31775 (base 10) in base 6?
403035
What is -199ffd (base 16) in base 14?
-31a021
What is 24c177 (base 14) in base 10?
1262541
What is -4502113 (base 9) in base 11?
-1405118
What is 22b81 (base 13) in base 7?
353034
What is -11220102121012 (base 3) in base 16?
-27c614
What is 438008 (base 9) in base 3?
111022000022
-142413151 (base 6) to base 10
-2925787
What is 62169d (base 16) in base 3?
110002120222211
-4dcffc (base 16) to base 2
-10011011100111111111100
Convert -2132146 (base 7) to base 12.
-106611
Convert 536447 (base 9) to base 4.
1032002311
What is -26bd7 (base 16) in base 5?
-20034204
What is 77d23 (base 15) in base 10?
380958
-24000763 (base 8) to base 6
-304214523
What is bb024 (base 12) in base 7?
2046334
145353304 (base 6) to base 11
1802485
What is 110320320 (base 4) in base 3?
11100100220
Convert -1000100110111001110010111 (base 2) to base 13.
-3980869
-4484990 (base 11) to base 14
-10863c4
Convert 242255331 (base 7) to base 5.
12331402300
Convert a53442 (base 11) to base 15.
235343
What is -ebbe1 (base 16) in base 13?
-27a680
-341414 (base 5) to base 4
-2331031
What is 755604 (base 10) in base 7?
6264633
What is -1075a81 (base 14) in base 2?
-11101110011110001100001
Convert -c0b8b (base 15) to base 7.
-5120510
Convert -23211001010 (base 4) to base 5.
-1234111304
112122112210010 (base 3) to base 10
7785561
a0ccd (base 16) to base 2
10100000110011001101
What is -11928a (base 11) in base 13?
-67765
Convert -400410 (base 9) to base 7.
-2003406
Convert 613421 (base 9) to base 6.
11442201
204413014 (base 5) to base 10
857259
What is -7b545 (base 15) in base 11?
-249041
What is -123112000 (base 5) in base 15?
-bc1a0
Convert -3383838 (base 9) to base 7.
-21346013
-d7dc (base 16) to base 14
-161d2
What is 3983 (base 14) in base 3?
111212111
Convert -48766a6 (base 11) to base 16.
-817c4f
Convert 442b1 (base 14) to base 2.
101000010101000011
1112000022 (base 3) to base 8
72311
What is 688689 (base 16) in base 9?
13800616
Convert -222224215 (base 6) to base 12.
-142506b
What is -4342 (base 16) in base 11?
-11a33
What is 17107 (base 16) in base 15?
1ced1
Convert -442011330 (base 5) to base 4.
-13101212102
-6420574 (base 8) to base 3
-10020000010020
What is 3183 (base 13) in base 5?
204432
What is -3379042 (base 10) in base 6?
-200231414
Convert 246160 (base 7) to base 15.
d697
What is 61a2b (base 12) in base 3?
20111001122
Convert -8c9b7 (base 15) to base 16.
-6d4d1
-237369 (base 14) to base 11
-757754
Convert 216616 (base 7) to base 5.
2212010
Convert a6c67 (base 13) to base 7.
2362163
What is -10111001000011000111111 (base 2) in base 16?
-5c863f
-1ac1e (base 16) to base 4
-122300132
Convert -1763299 (base 10) to base 16.
-1ae7e3
-71a42 (base 11) to base 7
-615224
-468827 (base 9) to base 14
-74b19
Convert -341422 (base 6) to base 12.
-14872
Convert -1101100110100101011 (base 2) to base 10.
-445739
What is -4341aa9 (base 12) in base 4?
-300233103201
-4305452 (base 6) to base 7
-1536524
Convert -11043241 (base 6) to base 4.
-1101023221
-182751 (base 9) to base 2
-11011101111001000
-431622 (base 10) to base 12
-189946
234015 (base 6) to base 9
30772
What is -50770231 (base 8) in base 5?
-10222301321
15a76bc (base 13) to base 7
113242456
What is -15491 (base 12) in base 10?
-30061
Convert -1451310 (base 6) to base 11.
-585a2
1011111011111000 (base 2) to base 14
13b60
3215136 (base 7) to base 2
1011111011001100001
What is 110011010110010111111000 (base 2) in base 13?
2a33ca4
Convert 99093 (base 11) to base 13.
50625
Convert 1030b1 (base 12) to base 14.
68897
171693 (base 12) to base 2
1100000110110001111
Convert -1234b6a (base 12) to base 4.
-31203302002
Convert 66315 (base 8) to base 10.
27853
What is 1021013232 (base 4) in base 11?
195025
Convert -2333323013 (base 5) to base 4.
-110133020033
Convert -102020102002 (base 3) to base 7.
-1610600
What is -161005 (base 13) in base 11?
-3423a9
What is -516133 (base 7) in base 8?
-254767
Convert -25aa60 (base 11) to base 4.
-1210010211
a4041 (base 14) to base 5
100121233
100101010010101111101110 (base 2) to base 11
5577a33
What is -334140402 (base 5) in base 12?
-5b1351
Convert -5101230 (base 6) to base 16.
-3aed2
What is -717c5 (base 13) in base 6?
-4205552
What is -3474a (base 14) in base 12?
-61a66
4a64 (base 14) to base 5
404044
Convert -77bb2 (base 14) to base 11.
-18922a
-101b76d (base 14) to base 5
-3421141410
-134222020 (base 5) to base 8
-2515734
What is 11101011100111101000 (base 2) in base 5?
221340341
Convert 13835a (base 11) to base 12.
a5042
What is 2505211 (base 6) in base 5?
13231401
What is -211210002100 (base 3) in base 12?
-1975a6
-2303423 (base 7) to base 5
-33140321
-22203203 (base 4) to base 14
-11a83
Convert -83571b (base 14) to base 7.
-52452034
Convert a0520 (base 15) to base 2.
1111011111000001101
Convert -925150 (base 10) to base 2.
-11100001110111011110
Convert -10202011110102 (base 3) to base 16.
-1e6242
65143 (base 9) to base 13
1682a
Convert -7b93 (base 13) to base 7.
-101415
101116 (base 10) to base 16
18afc
b4ca (base 13) to base 3
1021022021
24776747 (base 8) to base 9
11318656
Convert 3719766 (base 10) to base 9.
6888503
1100212303 (base 4) to base 13
b7382
-4009869 (base 10) to base 15
-543199
-31010201201 (base 4) to base 9
-6402122
Convert -97805 (base 12) to base 13.
-6cc92
-100110100010000000 (base 2) to base 4
-212202000
-20100001211211 (base 3) to base 8
-14660342
Convert 2d943 (base 15) to base 11.
a0670
Convert -110156 (base 7) to base 4.
-10231202
What is -1432204003 (base 5) in base 13?
-a2822b
28144 (base 14) to base 11
68457
113211031120 (base 4) to base 8
27451530
Convert 1afc21 (base 16) to base 2.
110101111110000100001
-10000011100111000100 (base 2) to base 10
-539076
What is 4540230 (base 6) in base 15?
485a3
What is -2576771 (base 9) in base 5?
-330042214
Convert 3d3ade (base 15) to base 11.
1734559
What is 26a457 (base 11) in base 10?
423804
Convert 120001212211 (base 3